 (-2)/(-10)*4*10. Let y be x(d). Calculate the highest common divisor of y and 18.
9
Let v be 28/6 + (-4)/(-12). Suppose 0 = 4*h - 39 - v. What is the highest common factor of h and 55?
11
Let y(n) = -n - 4. Let g be y(-5). Let f be 0 + (g - 10) + 2. Let i(p) = p**2 + 3*p - 10. Let q be i(f). Calculate the greatest common divisor of 198 and q.
18
Suppose -10*h + 162 + 1378 = 0. Calculate the highest common factor of 22 and h.
22
Suppose 0 = -4*b - k + 101 + 620, 539 = 3*b - k. Calculate the highest common factor of b and 5.
5
Let u(m) = -m**2 + 15*m + 18. Let o be u(16). Calculate the greatest common factor of o and 54.
2
Let p = -11 + 71. What is the greatest common factor of p and 40?
20
Let t(l) = -3*l + 0*l**2 + 2*l**2 + 3*l**2 + 0*l**2 - 4. Let n be t(-4). Calculate the greatest common factor of 8 and n.
8
Let c(v) = 0*v**2 - 7*v - 6 + 4 - v**2. Let f be c(-10). Let w be (0/(-2) + -1)*f. Calculate the greatest common factor of 4 and w.
4
Suppose t = 2*t - 4. Calculate the highest common divisor of t and 6.
2
Suppose -3*l - c = -2*l - 10, -4*c = 8. Calculate the highest common factor of l and 192.
12
Suppose 0 = 2*w - 3*q - 0*q, -3*w - 4*q = 0. Suppose 63 = k - w*k. Let y(x) = 6*x**2 + x - 1. Let p be y(-2). What is the highest common divisor of p and k?
21
Let a be (-1)/(((-2)/(-96))/(-1)). Let b = 85 - 52. Let k = a - b. What is the highest common divisor of 15 and k?
15
Let b(y) = -2*y - 1. Let s be b(-1). Let z = s - 3. Let g = 2 - z. Calculate the highest common factor of g and 4.
4
Let o(p) = -p + 3. Let g be o(-12). What is the greatest common divisor of 6 and g?
3
Let z(k) = 2*k**2 - k - 3. Let j be z(2). Suppose -12*a = -13*a + j. Calculate the highest common factor of 27 and a.
3
Suppose 0 = -6*q - 152 + 614. Calculate the highest common divisor of q and 11.
11
Suppose -3*i + 5*p = -40, i - 5 = 3*p + 3. Suppose -2*u - 3*d + 0*d + 6 = 0, -5*d = 5*u - i. Let x = 0 + u. Calculate the greatest common factor of x and 2.
2
Let i(p) = p**2 + 23*p + 14. Let q be i(-18). Let z = q + 130. Calculate the highest common divisor of z and 6.
6
Suppose -5*r + 6*r - 2*q - 82 = 0, -4*r - 2*q = -338. Calculate the greatest common factor of r and 14.
14
Suppose 49 = 5*b - 51. Let p be b/(-8)*(-1 - 17). What is the greatest common divisor of 5 and p?
5
Let x(r) = -19*r. Let k be x(-4). Let q = k - 44. Suppose j = -5*y - 6, -2*y + 1 + 3 = 2*j. What is the greatest common divisor of q and j?
4
Let g be (-34)/(-51) - 250/(-3). Let b be g - ((0 - -5) + -2). What is the highest common factor of 9 and b?
9
Let n(h) = -8*h - 4. Let t be n(-6). Calculate the greatest common divisor of t and 4.
4
Let w(v) be the second derivative of -3*v - 2*v**2 + 0 + 1/3*v**3 + 1/12*v**4. Let r be w(-6). What is the greatest common divisor of r and 10?
10
Let c(d) = 26*d - 2. Let n be c(1). What is the highest common divisor of 120 and n?
24
Let r = 2 - 1. Let k = 6 - 1. Suppose -9 + 4 = -k*q. Calculate the highest common divisor of q and r.
1
Suppose 3*x = -9, -63 + 44 = -2*i - 3*x. Suppose -129 = -2*c + 11. Calculate the greatest common factor of i and c.
14
Suppose j = -9*j + 330. Calculate the greatest common divisor of j and 11.
11
Suppose -13*v + 8*v = -195. Calculate the highest common divisor of 26 and v.
13
Suppose -5*k + q = -6*k + 10, -12 = -2*k - 4*q. What is the highest common factor of k and 266?
14
Suppose 2*k - 60 = -3*k. Suppose r = -r + k. What is the greatest common divisor of r and 18?
6
Let d be -1 - -1 - (5 - 5). Let q(c) = 69*c**2 - 2*c - 1. Let u be q(-1). Let a be d/(-2) + 0 + u. Calculate the greatest common divisor of 10 and a.
10
Let w = 85 - -80. Suppose -8 - 8 = 2*t. Let x be (-10)/t*12/1. What is the greatest common divisor of w and x?
15
Suppose -70 = -3*o + 26. Let f = 8 - 0. Calculate the highest common divisor of o and f.
8
Let c = 58 + -46. What is the highest common factor of 60 and c?
12
Let l be (0 + 2)*(1 + 6). Suppose 3*a - l = 2*a. Calculate the greatest common factor of 2 and a.
2
Suppose -x = 2*r - 14, -2*r = -2*x - r + 3. Suppose 0 = 3*a - a - 32. Calculate the highest common divisor of a and x.
4
Suppose 4*u - 4 + 0 = 0. Let c be 185/3 - u/(-3). Suppose 3*l + 0*l + 2*p - 96 = 0, -2*l - 2*p + c = 0. What is the greatest common divisor of 51 and l?
17
Let z = -41 + 45. Calculate the greatest common factor of 36 and z.
4
Let c be (2 + -1 - 14)*-1. Suppose -2*u - 199 = -3*u - 2*i, 3*u = 2*i + 605. Suppose -u + 721 = 5*x. Calculate the greatest common divisor of c and x.
13
Let u be (-50)/(-3) - (-2)/(-3). Calculate the highest common factor of u and 4.
4
Let n be (4/(-2))/(1/(-44)). Let m(p) = -2*p - 17. Let w be m(-14). What is the highest common factor of n and w?
11
Let o(u) = -u**3 - 11*u**2 - 11*u + 20. Let x be o(-10). Calculate the highest common factor of 150 and x.
30
Let c = 146 - 55. Let h be 2/6 - 232/(-24). Suppose 0 = d - 5*g - 26 + 8, -d - 3*g = -h. What is the greatest common factor of c and d?
13
Suppose 22*y - 25*y + 132 = 0. Calculate the highest common divisor of y and 22.
22
Suppose 0 = -4*w - w + 40. Let s = 0 + 2. Suppose 0 = r - s*r + 56. Calculate the highest common factor of w and r.
8
Let w be (18/8)/((-6)/(-16)). Let i = w - 1. Suppose c = 1, 4*l = -i*c - 18 + 83. What is the highest common factor of l and 3?
3
Let b be (-112)/(-3)*(-1 - -4). Suppose -4*v + 31 = 8*i - 3*i, -3*v = 5*i - 17. What is the highest common factor of b and v?
14
Let f be 1 + -1 + 2 + (5 - -133). Calculate the highest common factor of f and 35.
35
Suppose d + 4 - 6 = 0. Suppose 26 = d*n - n. What is the greatest common divisor of n and 39?
13
Suppose 4*t + 11 = -5. Let q be t/10 - 1686/(-15). Calculate the greatest common factor of 16 and q.
16
Let g be (-318)/(-14) + (-4)/(-14). Let w(s) = 5*s**2 - 2*s - 3. Let m be w(4). Calculate the highest common divisor of m and g.
23
Let i(f) = f**3 + 3*f + 2. Let b be i(4). Let a = -262 - -275. What is the greatest common factor of a and b?
13
Let i = 13 - 3. Suppose b = 2*y + 2 - 3, 5*y - 5*b + i = 0. What is the greatest common factor of 9 and y?
3
Let f be (-5)/2*(-72)/30. Let m(p) = p + 1. Let i be m(-9). Let a be (20/i)/((-1)/24). What is the highest common factor of f and a?
6
Let w(q) = -15*q + 2. Let n be w(-2). Let f be (8/(-1 - -3))/1. Let y = f + 0. Calculate the greatest common factor of y and n.
4
Suppose 3*j - 13 = -h - 4, h + 5*j - 3 = 0. Calculate the highest common divisor of h and 90.
18
Let i be (-1845)/(-10) + 2/(-4). Let n = -121 + i. Calculate the greatest common factor of n and 7.
7
Let w(h) = -21*h + 1. Let u be w(-4). Suppose 4*q = -20, -5*t = -4*q - q - u. What is the highest common divisor of t and 4?
4
Let x = 32 + -25. What is the greatest common factor of x and 7?
7
Let f(s) = s**3 + 9*s**2 + 9*s - 3. Let r be f(-7). What is the highest common factor of 16 and r?
16
Suppose w + 5*a = 41, a - 22 - 31 = -w. Suppose -5*r = -r - w. Calculate the greatest common divisor of 56 and r.
14
Let s be 1/2*4*3. What is the highest common divisor of 9 and s?
3
Suppose -4*l + 260 = 2*h, 2*h - 6*h + 524 = 4*l. What is the greatest common factor of h and 12?
12
Let k = -2 + 1. Let u(l) = -41*l + 1. Let v be u(k). Let s be v/(-12)*(-2)/1. Calculate the greatest common factor of s and 14.
7
Let w be 8/(-20) + 87/5. Suppose 89 = y + w. Calculate the highest common divisor of y and 8.
8
Suppose -b + 136 = 4*p, -3*b - 4 = -2*b. What is the highest common divisor of 7 and p?
7
Suppose 334 = 6*s + 34. Suppose -q - 4*q + 38 = 3*c, 6 = q + c. Calculate the highest common factor of s and q.
10
Let j = 4 + -4. Suppose -3*q + 43 + 107 = j. Let l = -30 + q. What is the highest common divisor of 50 and l?
10
Let q(c) = -c**2 - 12*c - 21. Let s be q(-8). What is the highest common divisor of 99 and s?
11
Let m = -16 - -48. Suppose a - 384 = -a. Suppose -u + a = 3*u. Calculate the greatest common factor of u and m.
16
Let g(f) = f**2 - 2. Let z(q) = q**2 - q - 4. Let h be z(3). Let r be g(h). Let c be r + -3 + -1 + 79. What is the highest common factor of 7 and c?
7
Let p(w) = -5*w - 35. Let r(h) = 2*h + 12. Let q(d) = 3*p(d) + 8*r(d). Let u be q(11). Calculate the highest common divisor of 10 and u.
2
Let x = 4 + 1. Let z be (-6)/15*x*1. Let n = 73 - z. What is the highest common factor